[INFO] fetching crate stripe-rust-fgribreau 0.4.5...
[INFO] building stripe-rust-fgribreau-0.4.5 against master#881c1ac408d93bb7adaa3a51dabab9266e82eee8 for issue-85264
[INFO] extracting crate stripe-rust-fgribreau 0.4.5 into /workspace/builds/worker-4/source
[INFO] validating manifest of crates.io crate stripe-rust-fgribreau 0.4.5 on toolchain 881c1ac408d93bb7adaa3a51dabab9266e82eee8
[INFO] running `Command { std: "/workspace/cargo-home/bin/cargo" "+881c1ac408d93bb7adaa3a51dabab9266e82eee8" "metadata" "--manifest-path" "Cargo.toml" "--no-deps", kill_on_drop: false }`
[INFO] started tweaking crates.io crate stripe-rust-fgribreau 0.4.5
[INFO] finished tweaking crates.io crate stripe-rust-fgribreau 0.4.5
[INFO] tweaked toml for crates.io crate stripe-rust-fgribreau 0.4.5 written to /workspace/builds/worker-4/source/Cargo.toml
[INFO] running `Command { std: "/workspace/cargo-home/bin/cargo" "+881c1ac408d93bb7adaa3a51dabab9266e82eee8" "generate-lockfile" "--manifest-path" "Cargo.toml" "-Zno-index-update", kill_on_drop: false }`
[INFO] [stderr]     Blocking waiting for file lock on package cache
[INFO] running `Command { std: "/workspace/cargo-home/bin/cargo" "+881c1ac408d93bb7adaa3a51dabab9266e82eee8" "fetch" "--manifest-path" "Cargo.toml", kill_on_drop: false }`
[INFO] [stderr]     Blocking waiting for file lock on package cache
[INFO] [stderr]  Downloading crates ...
[INFO] [stderr]   Downloaded data-encoding v1.2.0
[INFO] [stderr]   Downloaded serde_qs v0.2.2
[INFO] running `Command { std: "docker" "create" "-v" "/var/lib/crater-agent-workspace/builds/worker-4/target:/opt/rustwide/target:rw,Z" "-v" "/var/lib/crater-agent-workspace/builds/worker-4/source:/opt/rustwide/workdir:ro,Z" "-v" "/var/lib/crater-agent-workspace/cargo-home:/opt/rustwide/cargo-home:ro,Z" "-v" "/var/lib/crater-agent-workspace/rustup-home:/opt/rustwide/rustup-home:ro,Z" "-e" "SOURCE_DIR=/opt/rustwide/workdir" "-e" "CARGO_TARGET_DIR=/opt/rustwide/target" "-e" "CARGO_HOME=/opt/rustwide/cargo-home" "-e" "RUSTUP_HOME=/opt/rustwide/rustup-home" "-w" "/opt/rustwide/workdir" "-m" "1610612736" "--user" "0:0" "--network" "none" "ghcr.io/rust-lang/crates-build-env/linux@sha256:20528e8c29e4536546f0102ce88568b16ea7538393a33fcca951030f7af10457" "/opt/rustwide/cargo-home/bin/cargo" "+881c1ac408d93bb7adaa3a51dabab9266e82eee8" "metadata" "--no-deps" "--format-version=1", kill_on_drop: false }`
[INFO] [stderr] WARNING: Your kernel does not support swap limit capabilities or the cgroup is not mounted. Memory limited without swap.
[INFO] [stdout] 5892fa065a349c19eb7b5410e32fe6e7a2ad49b2d6c2b79e716ffe63eed71cfa
[INFO] running `Command { std: "docker" "start" "-a" "5892fa065a349c19eb7b5410e32fe6e7a2ad49b2d6c2b79e716ffe63eed71cfa", kill_on_drop: false }`
[INFO] running `Command { std: "docker" "inspect" "5892fa065a349c19eb7b5410e32fe6e7a2ad49b2d6c2b79e716ffe63eed71cfa", kill_on_drop: false }`
[INFO] running `Command { std: "docker" "rm" "-f" "5892fa065a349c19eb7b5410e32fe6e7a2ad49b2d6c2b79e716ffe63eed71cfa", kill_on_drop: false }`
[INFO] [stdout] 5892fa065a349c19eb7b5410e32fe6e7a2ad49b2d6c2b79e716ffe63eed71cfa
[INFO] running `Command { std: "docker" "create" "-v" "/var/lib/crater-agent-workspace/builds/worker-4/target:/opt/rustwide/target:rw,Z" "-v" "/var/lib/crater-agent-workspace/builds/worker-4/source:/opt/rustwide/workdir:ro,Z" "-v" "/var/lib/crater-agent-workspace/cargo-home:/opt/rustwide/cargo-home:ro,Z" "-v" "/var/lib/crater-agent-workspace/rustup-home:/opt/rustwide/rustup-home:ro,Z" "-e" "SOURCE_DIR=/opt/rustwide/workdir" "-e" "CARGO_TARGET_DIR=/opt/rustwide/target" "-e" "CARGO_INCREMENTAL=0" "-e" "RUST_BACKTRACE=full" "-e" "RUSTFLAGS=--cap-lints=forbid" "-e" "CARGO_HOME=/opt/rustwide/cargo-home" "-e" "RUSTUP_HOME=/opt/rustwide/rustup-home" "-w" "/opt/rustwide/workdir" "-m" "1610612736" "--user" "0:0" "--network" "none" "ghcr.io/rust-lang/crates-build-env/linux@sha256:20528e8c29e4536546f0102ce88568b16ea7538393a33fcca951030f7af10457" "/opt/rustwide/cargo-home/bin/cargo" "+881c1ac408d93bb7adaa3a51dabab9266e82eee8" "build" "--frozen" "--message-format=json", kill_on_drop: false }`
[INFO] [stdout] 832559d2389249893cf69ea7d6826491dad33b67feee38bc35eabeaa419713c4
[INFO] [stderr] WARNING: Your kernel does not support swap limit capabilities or the cgroup is not mounted. Memory limited without swap.
[INFO] running `Command { std: "docker" "start" "-a" "832559d2389249893cf69ea7d6826491dad33b67feee38bc35eabeaa419713c4", kill_on_drop: false }`
[INFO] [stderr]    Compiling libc v0.2.95
[INFO] [stderr]    Compiling autocfg v1.0.1
[INFO] [stderr]    Compiling cfg-if v1.0.0
[INFO] [stderr]    Compiling tinyvec_macros v0.1.0
[INFO] [stderr]    Compiling log v0.4.14
[INFO] [stderr]    Compiling matches v0.1.8
[INFO] [stderr]    Compiling nodrop v0.1.14
[INFO] [stderr]    Compiling byteorder v1.4.3
[INFO] [stderr]    Compiling httparse v1.4.1
[INFO] [stderr]    Compiling constant_time_eq v0.1.5
[INFO] [stderr]    Compiling byte-tools v0.1.3
[INFO] [stderr]    Compiling data-encoding v1.2.0
[INFO] [stderr]    Compiling ring v0.13.5
[INFO] [stderr]    Compiling backtrace v0.3.59
[INFO] [stderr]    Compiling syn v1.0.72
[INFO] [stderr]    Compiling unicode-bidi v0.3.5
[INFO] [stderr]    Compiling tinyvec v1.2.0
[INFO] [stderr]    Compiling generic-array v0.7.3
[INFO] [stderr]    Compiling digest v0.5.2
[INFO] [stderr]    Compiling digest-buffer v0.3.1
[INFO] [stderr]    Compiling crypto-mac v0.3.0
[INFO] [stderr]    Compiling sha2 v0.5.3
[INFO] [stderr]    Compiling hmac v0.1.1
[INFO] [stderr]    Compiling log v0.3.9
[INFO] [stderr]    Compiling base64 v0.9.3
[INFO] [stderr]    Compiling miniz_oxide v0.4.4
[INFO] [stderr]    Compiling num-traits v0.2.14
[INFO] [stderr]    Compiling num-integer v0.1.44
[INFO] [stderr]    Compiling mime v0.2.6
[INFO] [stderr]    Compiling unicode-normalization v0.1.18
[INFO] [stderr]    Compiling time v0.1.44
[INFO] [stderr]    Compiling num_cpus v1.13.0
[INFO] [stderr]    Compiling idna v0.1.5
[INFO] [stderr]    Compiling chrono v0.4.19
[INFO] [stderr]    Compiling error-chain v0.11.0
[INFO] [stderr]    Compiling url v1.7.2
[INFO] [stderr]    Compiling webpki v0.18.1
[INFO] [stderr]    Compiling sct v0.4.0
[INFO] [stderr]    Compiling serde_derive v1.0.126
[INFO] [stderr]    Compiling hyper v0.10.16
[INFO] [stderr]    Compiling webpki-roots v0.15.0
[INFO] [stderr]    Compiling rustls v0.13.1
[INFO] [stderr]    Compiling hyper-rustls v0.6.2
[INFO] [stderr]    Compiling serde_qs v0.2.2
[INFO] [stderr]    Compiling stripe-rust-fgribreau v0.4.5 (/opt/rustwide/workdir)
[INFO] [stdout] warning: `...` range patterns are deprecated
[INFO] [stdout]    --> src/client.rs:129:12
[INFO] [stdout]     |
[INFO] [stdout] 129 |         200...299 => {}
[INFO] [stdout]     |            ^^^ help: use `..=` for an inclusive range
[INFO] [stdout]     |
[INFO] [stdout]     = note: `#[warn(ellipsis_inclusive_range_patterns)]` on by default
[INFO] [stdout]     = warning: this was previously accepted by the compiler but is being phased out; it will become a hard error in the 2021 edition!
[INFO] [stdout]     = note: for more information, see issue #80165 <https://github.com/rust-lang/rust/issues/80165>
[INFO] [stdout] 
[INFO] [stdout] 
[INFO] [stdout] warning: trait objects without an explicit `dyn` are deprecated
[INFO] [stdout]   --> src/error.rs:21:20
[INFO] [stdout]    |
[INFO] [stdout] 21 |     Conversion(Box<error::Error + Send>),
[INFO] [stdout]    |                    ^^^^^^^^^^^^^^^^^^^ help: use `dyn`: `dyn error::Error + Send`
[INFO] [stdout]    |
[INFO] [stdout]    = note: `#[warn(bare_trait_objects)]` on by default
[INFO] [stdout]    = warning: this was previously accepted by the compiler but is being phased out; it will become a hard error in the 2021 edition!
[INFO] [stdout]    = note: for more information, see issue #80165 <https://github.com/rust-lang/rust/issues/80165>
[INFO] [stdout] 
[INFO] [stdout] 
[INFO] [stdout] warning: trait objects without an explicit `dyn` are deprecated
[INFO] [stdout]   --> src/error.rs:46:32
[INFO] [stdout]    |
[INFO] [stdout] 46 |     fn cause(&self) -> Option<&error::Error> {
[INFO] [stdout]    |                                ^^^^^^^^^^^^ help: use `dyn`: `dyn error::Error`
[INFO] [stdout]    |
[INFO] [stdout]    = warning: this was previously accepted by the compiler but is being phased out; it will become a hard error in the 2021 edition!
[INFO] [stdout]    = note: for more information, see issue #80165 <https://github.com/rust-lang/rust/issues/80165>
[INFO] [stdout] 
[INFO] [stdout] 
[INFO] [stdout] warning: trait objects without an explicit `dyn` are deprecated
[INFO] [stdout]    --> src/error.rs:229:32
[INFO] [stdout]     |
[INFO] [stdout] 229 |     fn cause(&self) -> Option<&error::Error> {
[INFO] [stdout]     |                                ^^^^^^^^^^^^ help: use `dyn`: `dyn error::Error`
[INFO] [stdout]     |
[INFO] [stdout]     = warning: this was previously accepted by the compiler but is being phased out; it will become a hard error in the 2021 edition!
[INFO] [stdout]     = note: for more information, see issue #80165 <https://github.com/rust-lang/rust/issues/80165>
[INFO] [stdout] 
[INFO] [stdout] 
[INFO] [stdout] warning: use of deprecated associated function `std::error::Error::description`: use the Display impl or to_string()
[INFO] [stdout]   --> src/error.rs:26:21
[INFO] [stdout]    |
[INFO] [stdout] 26 |         f.write_str(error::Error::description(self))?;
[INFO] [stdout]    |                     ^^^^^^^^^^^^^^^^^^^^^^^^^
[INFO] [stdout]    |
[INFO] [stdout]    = note: `#[warn(deprecated)]` on by default
[INFO] [stdout] 
[INFO] [stdout] 
[INFO] [stdout] warning: use of deprecated associated function `std::error::Error::description`: use the Display impl or to_string()
[INFO] [stdout]    --> src/error.rs:209:21
[INFO] [stdout]     |
[INFO] [stdout] 209 |         f.write_str(error::Error::description(self))?;
[INFO] [stdout]     |                     ^^^^^^^^^^^^^^^^^^^^^^^^^
[INFO] [stdout] 
[INFO] [stdout] 
[INFO] [stdout] warning: variable does not need to be mutable
[INFO] [stdout]    --> src/resources/event.rs:208:13
[INFO] [stdout]     |
[INFO] [stdout] 208 |         let mut headers: Vec<String> = sig.split(",").map(|s| s.trim().to_string()).collect();
[INFO] [stdout]     |             ----^^^^^^^
[INFO] [stdout]     |             |
[INFO] [stdout]     |             help: remove this `mut`
[INFO] [stdout]     |
[INFO] [stdout]     = note: `#[warn(unused_mut)]` on by default
[INFO] [stdout] 
[INFO] [stdout] 
[INFO] [stdout] warning: 7 warnings emitted
[INFO] [stdout] 
[INFO] [stdout] 
[INFO] [stderr]     Finished dev [unoptimized + debuginfo] target(s) in 47.46s
[INFO] running `Command { std: "docker" "inspect" "832559d2389249893cf69ea7d6826491dad33b67feee38bc35eabeaa419713c4", kill_on_drop: false }`
[INFO] running `Command { std: "docker" "rm" "-f" "832559d2389249893cf69ea7d6826491dad33b67feee38bc35eabeaa419713c4", kill_on_drop: false }`
[INFO] [stdout] 832559d2389249893cf69ea7d6826491dad33b67feee38bc35eabeaa419713c4
[INFO] running `Command { std: "docker" "create" "-v" "/var/lib/crater-agent-workspace/builds/worker-4/target:/opt/rustwide/target:rw,Z" "-v" "/var/lib/crater-agent-workspace/builds/worker-4/source:/opt/rustwide/workdir:ro,Z" "-v" "/var/lib/crater-agent-workspace/cargo-home:/opt/rustwide/cargo-home:ro,Z" "-v" "/var/lib/crater-agent-workspace/rustup-home:/opt/rustwide/rustup-home:ro,Z" "-e" "SOURCE_DIR=/opt/rustwide/workdir" "-e" "CARGO_TARGET_DIR=/opt/rustwide/target" "-e" "CARGO_INCREMENTAL=0" "-e" "RUST_BACKTRACE=full" "-e" "RUSTFLAGS=--cap-lints=forbid" "-e" "CARGO_HOME=/opt/rustwide/cargo-home" "-e" "RUSTUP_HOME=/opt/rustwide/rustup-home" "-w" "/opt/rustwide/workdir" "-m" "1610612736" "--user" "0:0" "--network" "none" "ghcr.io/rust-lang/crates-build-env/linux@sha256:20528e8c29e4536546f0102ce88568b16ea7538393a33fcca951030f7af10457" "/opt/rustwide/cargo-home/bin/cargo" "+881c1ac408d93bb7adaa3a51dabab9266e82eee8" "test" "--frozen" "--no-run" "--message-format=json", kill_on_drop: false }`
[INFO] [stdout] 77e079f7ff6c3ce4c183f9d5c97bf11e3ead0cf5f3b0227ad9a0c1459a1add01
[INFO] [stderr] WARNING: Your kernel does not support swap limit capabilities or the cgroup is not mounted. Memory limited without swap.
[INFO] running `Command { std: "docker" "start" "-a" "77e079f7ff6c3ce4c183f9d5c97bf11e3ead0cf5f3b0227ad9a0c1459a1add01", kill_on_drop: false }`
[INFO] [stderr]    Compiling stripe-rust-fgribreau v0.4.5 (/opt/rustwide/workdir)
[INFO] [stdout] warning: `...` range patterns are deprecated
[INFO] [stdout]    --> src/client.rs:129:12
[INFO] [stdout]     |
[INFO] [stdout] 129 |         200...299 => {}
[INFO] [stdout]     |            ^^^ help: use `..=` for an inclusive range
[INFO] [stdout]     |
[INFO] [stdout]     = note: `#[warn(ellipsis_inclusive_range_patterns)]` on by default
[INFO] [stdout]     = warning: this was previously accepted by the compiler but is being phased out; it will become a hard error in the 2021 edition!
[INFO] [stdout]     = note: for more information, see issue #80165 <https://github.com/rust-lang/rust/issues/80165>
[INFO] [stdout] 
[INFO] [stdout] 
[INFO] [stdout] warning: trait objects without an explicit `dyn` are deprecated
[INFO] [stdout]   --> src/error.rs:21:20
[INFO] [stdout]    |
[INFO] [stdout] 21 |     Conversion(Box<error::Error + Send>),
[INFO] [stdout]    |                    ^^^^^^^^^^^^^^^^^^^ help: use `dyn`: `dyn error::Error + Send`
[INFO] [stdout]    |
[INFO] [stdout]    = note: `#[warn(bare_trait_objects)]` on by default
[INFO] [stdout]    = warning: this was previously accepted by the compiler but is being phased out; it will become a hard error in the 2021 edition!
[INFO] [stdout]    = note: for more information, see issue #80165 <https://github.com/rust-lang/rust/issues/80165>
[INFO] [stdout] 
[INFO] [stdout] 
[INFO] [stdout] warning: trait objects without an explicit `dyn` are deprecated
[INFO] [stdout]   --> src/error.rs:46:32
[INFO] [stdout]    |
[INFO] [stdout] 46 |     fn cause(&self) -> Option<&error::Error> {
[INFO] [stdout]    |                                ^^^^^^^^^^^^ help: use `dyn`: `dyn error::Error`
[INFO] [stdout]    |
[INFO] [stdout]    = warning: this was previously accepted by the compiler but is being phased out; it will become a hard error in the 2021 edition!
[INFO] [stdout]    = note: for more information, see issue #80165 <https://github.com/rust-lang/rust/issues/80165>
[INFO] [stdout] 
[INFO] [stdout] 
[INFO] [stdout] warning: trait objects without an explicit `dyn` are deprecated
[INFO] [stdout]    --> src/error.rs:229:32
[INFO] [stdout]     |
[INFO] [stdout] 229 |     fn cause(&self) -> Option<&error::Error> {
[INFO] [stdout]     |                                ^^^^^^^^^^^^ help: use `dyn`: `dyn error::Error`
[INFO] [stdout]     |
[INFO] [stdout]     = warning: this was previously accepted by the compiler but is being phased out; it will become a hard error in the 2021 edition!
[INFO] [stdout]     = note: for more information, see issue #80165 <https://github.com/rust-lang/rust/issues/80165>
[INFO] [stdout] 
[INFO] [stdout] 
[INFO] [stdout] warning: use of deprecated associated function `std::error::Error::description`: use the Display impl or to_string()
[INFO] [stdout]   --> src/error.rs:26:21
[INFO] [stdout]    |
[INFO] [stdout] 26 |         f.write_str(error::Error::description(self))?;
[INFO] [stdout]    |                     ^^^^^^^^^^^^^^^^^^^^^^^^^
[INFO] [stdout]    |
[INFO] [stdout]    = note: `#[warn(deprecated)]` on by default
[INFO] [stdout] 
[INFO] [stdout] 
[INFO] [stdout] warning: use of deprecated associated function `std::error::Error::description`: use the Display impl or to_string()
[INFO] [stdout]    --> src/error.rs:209:21
[INFO] [stdout]     |
[INFO] [stdout] 209 |         f.write_str(error::Error::description(self))?;
[INFO] [stdout]     |                     ^^^^^^^^^^^^^^^^^^^^^^^^^
[INFO] [stdout] 
[INFO] [stdout] 
[INFO] [stdout] warning: variable does not need to be mutable
[INFO] [stdout]    --> src/resources/event.rs:208:13
[INFO] [stdout]     |
[INFO] [stdout] 208 |         let mut headers: Vec<String> = sig.split(",").map(|s| s.trim().to_string()).collect();
[INFO] [stdout]     |             ----^^^^^^^
[INFO] [stdout]     |             |
[INFO] [stdout]     |             help: remove this `mut`
[INFO] [stdout]     |
[INFO] [stdout]     = note: `#[warn(unused_mut)]` on by default
[INFO] [stdout] 
[INFO] [stdout] 
[INFO] [stdout] warning: 7 warnings emitted
[INFO] [stdout] 
[INFO] [stdout] 
[INFO] [stdout] warning: panic message is not a string literal
[INFO] [stdout]   --> tests/example.rs:11:36
[INFO] [stdout]    |
[INFO] [stdout] 11 |         Err(err) => assert!(false, format!("{}", err)),
[INFO] [stdout]    |                                    ^^^^^^^^^^^^^^^^^^
[INFO] [stdout]    |
[INFO] [stdout]    = note: `#[warn(non_fmt_panic)]` on by default
[INFO] [stdout]    = note: this is no longer accepted in Rust 2021
[INFO] [stdout]    = note: the panic!() macro supports formatting, so there's no need for the format!() macro here
[INFO] [stdout] help: remove the `format!(..)` macro call
[INFO] [stdout]    |
[INFO] [stdout] 11 |         Err(err) => assert!(false, "{}", err),
[INFO] [stdout]    |                                   --       --
[INFO] [stdout] 
[INFO] [stdout] 
[INFO] [stdout] error: linking with `cc` failed: exit status: 1
[INFO] [stdout]   |
[INFO] [stdout]   = note: "cc" "-m64" "-Wl,--eh-frame-hdr" "-Wl,-znoexecstack" "-Wl,--as-needed" "-L" "/opt/rustwide/rustup-home/toolchains/881c1ac408d93bb7adaa3a51dabab9266e82eee8/lib/rustlib/x86_64-unknown-linux-gnu/lib" "/opt/rustwide/target/debug/deps/sync-f95f8ce52708132c.sync.4ri4rmoe-cgu.0.rcgu.o" "/opt/rustwide/target/debug/deps/sync-f95f8ce52708132c.sync.4ri4rmoe-cgu.1.rcgu.o" "/opt/rustwide/target/debug/deps/sync-f95f8ce52708132c.sync.4ri4rmoe-cgu.10.rcgu.o" "/opt/rustwide/target/debug/deps/sync-f95f8ce52708132c.sync.4ri4rmoe-cgu.11.rcgu.o" "/opt/rustwide/target/debug/deps/sync-f95f8ce52708132c.sync.4ri4rmoe-cgu.12.rcgu.o" "/opt/rustwide/target/debug/deps/sync-f95f8ce52708132c.sync.4ri4rmoe-cgu.13.rcgu.o" "/opt/rustwide/target/debug/deps/sync-f95f8ce52708132c.sync.4ri4rmoe-cgu.14.rcgu.o" "/opt/rustwide/target/debug/deps/sync-f95f8ce52708132c.sync.4ri4rmoe-cgu.15.rcgu.o" "/opt/rustwide/target/debug/deps/sync-f95f8ce52708132c.sync.4ri4rmoe-cgu.2.rcgu.o" "/opt/rustwide/target/debug/deps/sync-f95f8ce52708132c.sync.4ri4rmoe-cgu.3.rcgu.o" "/opt/rustwide/target/debug/deps/sync-f95f8ce52708132c.sync.4ri4rmoe-cgu.4.rcgu.o" "/opt/rustwide/target/debug/deps/sync-f95f8ce52708132c.sync.4ri4rmoe-cgu.5.rcgu.o" "/opt/rustwide/target/debug/deps/sync-f95f8ce52708132c.sync.4ri4rmoe-cgu.6.rcgu.o" "/opt/rustwide/target/debug/deps/sync-f95f8ce52708132c.sync.4ri4rmoe-cgu.7.rcgu.o" "/opt/rustwide/target/debug/deps/sync-f95f8ce52708132c.sync.4ri4rmoe-cgu.8.rcgu.o" "/opt/rustwide/target/debug/deps/sync-f95f8ce52708132c.sync.4ri4rmoe-cgu.9.rcgu.o" "-o" "/opt/rustwide/target/debug/deps/sync-f95f8ce52708132c" "/opt/rustwide/target/debug/deps/sync-f95f8ce52708132c.2gvh7ncsemeigho8.rcgu.o" "-Wl,--gc-sections" "-pie" "-Wl,-zrelro" "-Wl,-znow" "-nodefaultlibs" "-L" "/opt/rustwide/target/debug/deps" "-L" "/opt/rustwide/target/debug/build/ring-f27b2b00887f87ff/out" "-L" "/opt/rustwide/rustup-home/toolchains/881c1ac408d93bb7adaa3a51dabab9266e82eee8/lib/rustlib/x86_64-unknown-linux-gnu/lib" "-Wl,-Bstatic" "/opt/rustwide/rustup-home/toolchains/881c1ac408d93bb7adaa3a51dabab9266e82eee8/lib/rustlib/x86_64-unknown-linux-gnu/lib/libtest-e0d08a82dcb7da7b.rlib" "/opt/rustwide/rustup-home/toolchains/881c1ac408d93bb7adaa3a51dabab9266e82eee8/lib/rustlib/x86_64-unknown-linux-gnu/lib/libterm-24036eb8e889985c.rlib" "/opt/rustwide/rustup-home/toolchains/881c1ac408d93bb7adaa3a51dabab9266e82eee8/lib/rustlib/x86_64-unknown-linux-gnu/lib/libgetopts-759d40b5d9a6a451.rlib" "/opt/rustwide/rustup-home/toolchains/881c1ac408d93bb7adaa3a51dabab9266e82eee8/lib/rustlib/x86_64-unknown-linux-gnu/lib/libunicode_width-7590543c881e6235.rlib" "/opt/rustwide/rustup-home/toolchains/881c1ac408d93bb7adaa3a51dabab9266e82eee8/lib/rustlib/x86_64-unknown-linux-gnu/lib/librustc_std_workspace_std-56b60793e4f96438.rlib" "/opt/rustwide/target/debug/deps/libstripe-c653b591fd12c5b1.rlib" "/opt/rustwide/target/debug/deps/libsha2-0d9fc1cdb2127ea6.rlib" "/opt/rustwide/target/debug/deps/libfake_simd-a616ba6b34dcbbdc.rlib" "/opt/rustwide/target/debug/deps/libdigest_buffer-7225cdfc13f232ed.rlib" "/opt/rustwide/target/debug/deps/libbyte_tools-89390e9d7023e456.rlib" "/opt/rustwide/target/debug/deps/libserde_qs-a484ba5992a64737.rlib" "/opt/rustwide/target/debug/deps/liberror_chain-a375e1ae061b4268.rlib" "/opt/rustwide/target/debug/deps/libbacktrace-cad91ba99c321d46.rlib" "/opt/rustwide/target/debug/deps/libminiz_oxide-6732bce4a8751e4c.rlib" "/opt/rustwide/target/debug/deps/libadler-ddbe8a2ac4f03e8e.rlib" "/opt/rustwide/target/debug/deps/libobject-e41d37a671f89797.rlib" "/opt/rustwide/target/debug/deps/libaddr2line-c1c9ee309630dc4f.rlib" "/opt/rustwide/target/debug/deps/libgimli-2b3bcdd7ffa9a98c.rlib" "/opt/rustwide/target/debug/deps/librustc_demangle-6f20936b2266b0d0.rlib" "/opt/rustwide/target/debug/deps/libdata_encoding-7895f56721c2c448.rlib" "/opt/rustwide/target/debug/deps/libserde_json-61501de377ddd6aa.rlib" "/opt/rustwide/target/debug/deps/libryu-8dbd57cf09aa6df6.rlib" "/opt/rustwide/target/debug/deps/libitoa-5e84521dbbfb6b5b.rlib" "/opt/rustwide/target/debug/deps/libhyper_rustls-3e41811b1b6ca4cf.rlib" "/opt/rustwide/target/debug/deps/librustls-e3c002399c2a5297.rlib" "/opt/rustwide/target/debug/deps/libsct-2f904fd41a107c22.rlib" "/opt/rustwide/target/debug/deps/libwebpki_roots-7f095e1ca8af2d30.rlib" "/opt/rustwide/target/debug/deps/libwebpki-3e76f96bf58c8aeb.rlib" "/opt/rustwide/target/debug/deps/libring-439dea0fb57dced5.rlib" "/opt/rustwide/target/debug/deps/libuntrusted-347e0fc310e8ef31.rlib" "/opt/rustwide/target/debug/deps/liblazy_static-ff2d4c059a61c830.rlib" "/opt/rustwide/target/debug/deps/libhyper-7bdf46c10d3e697e.rlib" "/opt/rustwide/target/debug/deps/libmime-e78d56bdb452ecc9.rlib" "/opt/rustwide/target/debug/deps/liblog-ed86ec8195ba7bde.rlib" "/opt/rustwide/target/debug/deps/liblog-bc17724bd34a7bc3.rlib" "/opt/rustwide/target/debug/deps/libcfg_if-755744d3ca57570c.rlib" "/opt/rustwide/target/debug/deps/liblanguage_tags-f6103c22cd0abb9c.rlib" "/opt/rustwide/target/debug/deps/libtypeable-dacfc48071ac3819.rlib" "/opt/rustwide/target/debug/deps/libtraitobject-065b22d20d3b7821.rlib" "/opt/rustwide/target/debug/deps/libnum_cpus-071ff090805dcccc.rlib" "/opt/rustwide/target/debug/deps/libhttparse-4d5ef5a2fbe90ec2.rlib" "/opt/rustwide/target/debug/deps/libunicase-7ae2992356aa07bf.rlib" "/opt/rustwide/target/debug/deps/liburl-e068dca5d15514a5.rlib" "/opt/rustwide/target/debug/deps/libpercent_encoding-a7c5562959feefae.rlib" "/opt/rustwide/target/debug/deps/libidna-8fce600d6b60dd0d.rlib" "/opt/rustwide/target/debug/deps/libunicode_normalization-a27a3c8dabf2e65f.rlib" "/opt/rustwide/target/debug/deps/libtinyvec-3ea7624e027cd19d.rlib" "/opt/rustwide/target/debug/deps/libtinyvec_macros-79e05a5247fc8fe1.rlib" "/opt/rustwide/target/debug/deps/libunicode_bidi-4760f969381f3a69.rlib" "/opt/rustwide/target/debug/deps/libmatches-e50d8b3702610141.rlib" "/opt/rustwide/target/debug/deps/libbase64-cdea86c18dad5172.rlib" "/opt/rustwide/target/debug/deps/libsafemem-237703e0d92f6f8f.rlib" "/opt/rustwide/target/debug/deps/libbyteorder-a08bfedee3afd0a5.rlib" "/opt/rustwide/target/debug/deps/libhmac-feb47e52561a0399.rlib" "/opt/rustwide/target/debug/deps/libcrypto_mac-3ac3c574a51aff72.rlib" "/opt/rustwide/target/debug/deps/libconstant_time_eq-f67c3659b21f85e8.rlib" "/opt/rustwide/target/debug/deps/libdigest-d0ec88ad156e048f.rlib" "/opt/rustwide/target/debug/deps/libgeneric_array-12bb954db3702661.rlib" "/opt/rustwide/target/debug/deps/libnodrop-55a6de42935d16d2.rlib" "/opt/rustwide/target/debug/deps/libtypenum-7b6ae30a26f4caa5.rlib" "/opt/rustwide/target/debug/deps/libchrono-8643aaeff9a7f96d.rlib" "/opt/rustwide/target/debug/deps/libserde-cf3c707e87a3eee3.rlib" "/opt/rustwide/target/debug/deps/libnum_integer-25ae023071415ce2.rlib" "/opt/rustwide/target/debug/deps/libnum_traits-3652ccccbe0b9389.rlib" "/opt/rustwide/target/debug/deps/libtime-02380505a7add8f5.rlib" "/opt/rustwide/target/debug/deps/liblibc-2eeb146fbbc48d30.rlib" "-Wl,--start-group" "/opt/rustwide/rustup-home/toolchains/881c1ac408d93bb7adaa3a51dabab9266e82eee8/lib/rustlib/x86_64-unknown-linux-gnu/lib/libstd-c6dddd3d354e6bea.rlib" "/opt/rustwide/rustup-home/toolchains/881c1ac408d93bb7adaa3a51dabab9266e82eee8/lib/rustlib/x86_64-unknown-linux-gnu/lib/libpanic_unwind-c2ca47afdcc5e309.rlib" "/opt/rustwide/rustup-home/toolchains/881c1ac408d93bb7adaa3a51dabab9266e82eee8/lib/rustlib/x86_64-unknown-linux-gnu/lib/libminiz_oxide-b47be2942017e108.rlib" "/opt/rustwide/rustup-home/toolchains/881c1ac408d93bb7adaa3a51dabab9266e82eee8/lib/rustlib/x86_64-unknown-linux-gnu/lib/libadler-20a1e49116ab0df9.rlib" "/opt/rustwide/rustup-home/toolchains/881c1ac408d93bb7adaa3a51dabab9266e82eee8/lib/rustlib/x86_64-unknown-linux-gnu/lib/libobject-25e09d9868291683.rlib" "/opt/rustwide/rustup-home/toolchains/881c1ac408d93bb7adaa3a51dabab9266e82eee8/lib/rustlib/x86_64-unknown-linux-gnu/lib/libaddr2line-9c99fb6e5ca5159e.rlib" "/opt/rustwide/rustup-home/toolchains/881c1ac408d93bb7adaa3a51dabab9266e82eee8/lib/rustlib/x86_64-unknown-linux-gnu/lib/libgimli-85040d7563599960.rlib" "/opt/rustwide/rustup-home/toolchains/881c1ac408d93bb7adaa3a51dabab9266e82eee8/lib/rustlib/x86_64-unknown-linux-gnu/lib/libstd_detect-0e4f7587da8acf20.rlib" "/opt/rustwide/rustup-home/toolchains/881c1ac408d93bb7adaa3a51dabab9266e82eee8/lib/rustlib/x86_64-unknown-linux-gnu/lib/librustc_demangle-7be0a6711ed15b5c.rlib" "/opt/rustwide/rustup-home/toolchains/881c1ac408d93bb7adaa3a51dabab9266e82eee8/lib/rustlib/x86_64-unknown-linux-gnu/lib/libhashbrown-00672fabc4ff9c9d.rlib" "/opt/rustwide/rustup-home/toolchains/881c1ac408d93bb7adaa3a51dabab9266e82eee8/lib/rustlib/x86_64-unknown-linux-gnu/lib/librustc_std_workspace_alloc-72fe231ef0473d15.rlib" "/opt/rustwide/rustup-home/toolchains/881c1ac408d93bb7adaa3a51dabab9266e82eee8/lib/rustlib/x86_64-unknown-linux-gnu/lib/libunwind-019d54ecc304b655.rlib" "/opt/rustwide/rustup-home/toolchains/881c1ac408d93bb7adaa3a51dabab9266e82eee8/lib/rustlib/x86_64-unknown-linux-gnu/lib/libcfg_if-cc7d9343e4f608be.rlib" "/opt/rustwide/rustup-home/toolchains/881c1ac408d93bb7adaa3a51dabab9266e82eee8/lib/rustlib/x86_64-unknown-linux-gnu/lib/liblibc-e41c6d24baeb2249.rlib" "/opt/rustwide/rustup-home/toolchains/881c1ac408d93bb7adaa3a51dabab9266e82eee8/lib/rustlib/x86_64-unknown-linux-gnu/lib/liballoc-9849bb0fbad7f0f5.rlib" "/opt/rustwide/rustup-home/toolchains/881c1ac408d93bb7adaa3a51dabab9266e82eee8/lib/rustlib/x86_64-unknown-linux-gnu/lib/librustc_std_workspace_core-a1fd7734706d5518.rlib" "/opt/rustwide/rustup-home/toolchains/881c1ac408d93bb7adaa3a51dabab9266e82eee8/lib/rustlib/x86_64-unknown-linux-gnu/lib/libcore-c8ded1707ad10767.rlib" "-Wl,--end-group" "/opt/rustwide/rustup-home/toolchains/881c1ac408d93bb7adaa3a51dabab9266e82eee8/lib/rustlib/x86_64-unknown-linux-gnu/lib/libcompiler_builtins-8b33f9cbbc9652fe.rlib" "-Wl,-Bdynamic" "-lgcc_s" "-lutil" "-lrt" "-lpthread" "-lm" "-ldl" "-lc"
[INFO] [stdout]   = note: collect2: fatal error: ld terminated with signal 9 [Killed]
[INFO] [stdout]           compilation terminated.
[INFO] [stdout]           
[INFO] [stdout] 
[INFO] [stdout] 
[INFO] [stdout] error: aborting due to previous error
[INFO] [stdout] 
[INFO] [stdout] 
[INFO] [stderr] error: could not compile `stripe-rust-fgribreau`
[INFO] [stderr] 
[INFO] [stderr] To learn more, run the command again with --verbose.
[INFO] [stderr] warning: build failed, waiting for other jobs to finish...
[INFO] [stdout] warning: `...` range patterns are deprecated
[INFO] [stdout]    --> src/client.rs:129:12
[INFO] [stdout]     |
[INFO] [stdout] 129 |         200...299 => {}
[INFO] [stdout]     |            ^^^ help: use `..=` for an inclusive range
[INFO] [stdout]     |
[INFO] [stdout]     = note: `#[warn(ellipsis_inclusive_range_patterns)]` on by default
[INFO] [stdout]     = warning: this was previously accepted by the compiler but is being phased out; it will become a hard error in the 2021 edition!
[INFO] [stdout]     = note: for more information, see issue #80165 <https://github.com/rust-lang/rust/issues/80165>
[INFO] [stdout] 
[INFO] [stdout] 
[INFO] [stdout] warning: trait objects without an explicit `dyn` are deprecated
[INFO] [stdout]   --> src/error.rs:21:20
[INFO] [stdout]    |
[INFO] [stdout] 21 |     Conversion(Box<error::Error + Send>),
[INFO] [stdout]    |                    ^^^^^^^^^^^^^^^^^^^ help: use `dyn`: `dyn error::Error + Send`
[INFO] [stdout]    |
[INFO] [stdout]    = note: `#[warn(bare_trait_objects)]` on by default
[INFO] [stdout]    = warning: this was previously accepted by the compiler but is being phased out; it will become a hard error in the 2021 edition!
[INFO] [stdout]    = note: for more information, see issue #80165 <https://github.com/rust-lang/rust/issues/80165>
[INFO] [stdout] 
[INFO] [stdout] 
[INFO] [stdout] warning: trait objects without an explicit `dyn` are deprecated
[INFO] [stdout]   --> src/error.rs:46:32
[INFO] [stdout]    |
[INFO] [stdout] 46 |     fn cause(&self) -> Option<&error::Error> {
[INFO] [stdout]    |                                ^^^^^^^^^^^^ help: use `dyn`: `dyn error::Error`
[INFO] [stdout]    |
[INFO] [stdout]    = warning: this was previously accepted by the compiler but is being phased out; it will become a hard error in the 2021 edition!
[INFO] [stdout]    = note: for more information, see issue #80165 <https://github.com/rust-lang/rust/issues/80165>
[INFO] [stdout] 
[INFO] [stdout] 
[INFO] [stdout] warning: trait objects without an explicit `dyn` are deprecated
[INFO] [stdout]    --> src/error.rs:229:32
[INFO] [stdout]     |
[INFO] [stdout] 229 |     fn cause(&self) -> Option<&error::Error> {
[INFO] [stdout]     |                                ^^^^^^^^^^^^ help: use `dyn`: `dyn error::Error`
[INFO] [stdout]     |
[INFO] [stdout]     = warning: this was previously accepted by the compiler but is being phased out; it will become a hard error in the 2021 edition!
[INFO] [stdout]     = note: for more information, see issue #80165 <https://github.com/rust-lang/rust/issues/80165>
[INFO] [stdout] 
[INFO] [stdout] 
[INFO] [stdout] warning: use of deprecated associated function `std::error::Error::description`: use the Display impl or to_string()
[INFO] [stdout]   --> src/error.rs:26:21
[INFO] [stdout]    |
[INFO] [stdout] 26 |         f.write_str(error::Error::description(self))?;
[INFO] [stdout]    |                     ^^^^^^^^^^^^^^^^^^^^^^^^^
[INFO] [stdout]    |
[INFO] [stdout]    = note: `#[warn(deprecated)]` on by default
[INFO] [stdout] 
[INFO] [stdout] 
[INFO] [stdout] warning: use of deprecated associated function `std::error::Error::description`: use the Display impl or to_string()
[INFO] [stdout]    --> src/error.rs:209:21
[INFO] [stdout]     |
[INFO] [stdout] 209 |         f.write_str(error::Error::description(self))?;
[INFO] [stdout]     |                     ^^^^^^^^^^^^^^^^^^^^^^^^^
[INFO] [stdout] 
[INFO] [stdout] 
[INFO] [stdout] warning: 1 warning emitted
[INFO] [stdout] 
[INFO] [stdout] 
[INFO] [stderr] error: build failed
[INFO] running `Command { std: "docker" "inspect" "77e079f7ff6c3ce4c183f9d5c97bf11e3ead0cf5f3b0227ad9a0c1459a1add01", kill_on_drop: false }`
[INFO] running `Command { std: "docker" "rm" "-f" "77e079f7ff6c3ce4c183f9d5c97bf11e3ead0cf5f3b0227ad9a0c1459a1add01", kill_on_drop: false }`
[INFO] [stdout] 77e079f7ff6c3ce4c183f9d5c97bf11e3ead0cf5f3b0227ad9a0c1459a1add01
